 of 4390?
False
Is 10916464 even?
True
Does 20 divide 250824155?
False
Is 1624511371 a multiple of 1169?
True
Is 3535758 a multiple of 23?
False
Is 44 a factor of 62831323?
False
Is 3845743194 a multiple of 757?
True
Does 2430 divide 2480488?
False
Does 1983 divide 100625352?
True
Is 121 a factor of 400839936?
False
Is 27815736 a multiple of 78?
True
Is 2082 a factor of 12962532?
True
Is 221258578 a multiple of 151?
False
Does 115 divide 28566976?
False
Is 20 a factor of 42157160?
True
Is 20326488 a multiple of 728?
True
Does 14 divide 210932218?
True
Is 1565 a factor of 365026102?
False
Does 328 divide 11979544?
True
Is 2251 a factor of 176436772?
False
Does 155 divide 36078265?
True
Does 1309 divide 57664068?
True
Is 267 a factor of 194539137?
True
Does 15 divide 56678550?
True
Is 3888421 a multiple of 311?
False
Is 129176000 a multiple of 32?
True
Is 125 a factor of 190096733?
False
Does 12 divide 225649836?
True
Is 52611608 a multiple of 80?
False
Is 1307152046 a multiple of 7?
False
Is 7519665 a multiple of 90?
False
Does 266 divide 6188384?
False
Does 1593 divide 288178479?
True
Is 23152920 a multiple of 430?
True
Does 120 divide 15760680?
True
Is 1067589955 a multiple of 3923?
False
Is 58785536 a multiple of 39?
False
Is 53660040 a multiple of 889?
True
Is 23926686 a multiple of 5?
False
Does 21 divide 63815514?
True
Does 26 divide 306350539?
False
Is 348 a factor of 1423896984?
True
Is 706640 a multiple of 605?
True
Does 371 divide 127233926?
False
Is 337519925 a multiple of 179?
False
Is 13 a factor of 896386939?
False
Is 12741080 a multiple of 230?
True
Does 28 divide 7642313?
False
Does 1082 divide 117576450?
False
Is 12 a factor of 26098680?
True
Is 1678689222 a multiple of 7?
True
Is 210699471 a multiple of 294?
False
Is 1574 a factor of 56574507?
False
Is 42 a factor of 812664636?
True
Is 322341226 a multiple of 199?
False
Is 1671 a factor of 10971543?
False
Is 15527498 a multiple of 1259?
False
Is 54429777 a multiple of 2004?
False
Is 4440226181 a multiple of 2556?
False
Does 2544 divide 59099949?
False
Does 19 divide 11514548?
False
Does 213 divide 3489792?
True
Is 25 a factor of 1704422430?
False
Is 119129804 a multiple of 10?
False
Does 16 divide 1137664?
True
Does 3 divide 32468037?
True
Is 6 a factor of 334898952?
True
Is 30210518 a multiple of 389?
True
Is 1065170732 a multiple of 6?
False
Does 75 divide 101669264?
False
Is 9036 a factor of 532608948?
True
Is 33773478 a multiple of 6?
True
Is 652340442 a multiple of 10002?
True
Is 6 a factor of 95270130?
True
Is 4211 a factor of 68397774?
False
Is 542426303 a multiple of 695?
False
Does 403 divide 22943919?
False
Is 23 a factor of 4032126412?
True
Is 45810643 a multiple of 227?
True
Does 209 divide 37821265?
False
Is 5161673515 a multiple of 13?
False
Is 16547122 a multiple of 183?
False
Is 73 a factor of 48967711?
False
Is 32374042 a multiple of 3359?
True
Is 1770 a factor of 1835096799?
False
Is 8233020 a multiple of 164?
False
Is 27344100 a multiple of 21?
True
Is 4043 a factor of 145083055?
True
Is 67652656 a multiple of 136?
True
Is 1126 a factor of 362064024?
False
Does 12 divide 3551662?
False
Is 3719 a factor of 132052921?
False
Is 4926396469 a multiple of 141?
False
Does 163 divide 26239715?
False
Does 26 divide 10810753?
False
Is 16348902 a multiple of 108?
False
Is 94030001 a multiple of 1480?
False
Does 896 divide 1648758272?
True
Is 18 a factor of 3385710508?
False
Does 465 divide 1397850025?
False
Does 10 divide 80499417?
False
Is 12 a factor of 1758613090?
False
Is 143366970 a multiple of 12?
False
Is 546622322 a multiple of 775?
False
Is 2686353 even?
False
Is 18 a factor of 7335864?
True
Does 559 divide 426333499?
False
Is 216 a factor of 13933170?
False
Is 105 a factor of 620074245?
True
Does 68 divide 37307180?
True
Is 220716270 a multiple of 170?
True
Does 183 divide 332053465?
False
Is 537 a factor of 60287379?
True
Does 1493 divide 1940316237?
True
Does 26 divide 6578172380?
True
Does 17 divide 79529789?
False
Is 903199948 a multiple of 28?
True
Is 66335785 a multiple of 1560?
False
Does 21 divide 156862566?
True
Is 13 a factor of 62832221?
False
Is 2274340516 a multiple of 14?
True
Does 17 divide 1448949183?
False
Is 14 a factor of 140725029?
False
Is 82839873 a multiple of 1025?
False
Is 15079446 a multiple of 54?
True
Is 369625944 a multiple of 47?
False
Is 95 a factor of 82945113?
False
Is 232092540 a multiple of 207?
True
Is 85 a factor of 576802439?
False
Is 59912988 a multiple of 1923?
True
Does 291 divide 1341822161?
False
Is 754 a factor of 47765146?
True
Is 4877444 a multiple of 572?
True
Is 13802 a factor of 5743927704?
False
Is 863 a factor of 224596613?
True
Is 1433941078 a multiple of 142?
False
Is 170 a factor of 126342130?
True
Is 1523 a factor of 6818471?
True
Is 60550784 a multiple of 17?
False
Is 6 a factor of 29380308?
True
Does 33 divide 9646065?
True
Is 41 a factor of 891021679?
False
Is 73 a factor of 81911548?
True
Is 10938598 a multiple of 210?
False
Is 158082595 a multiple of 73?
True
Is 41766760 a multiple of 5?
True
Is 79967 a multiple of 1181?
False
Is 58 a factor of 67441669?
False
Does 36 divide 1266242256?
True
Is 382634606 a multiple of 17?
True
Does 5 divide 1511035070?
True
Is 297 a factor of 220952111?
False
Is 1134724488 a multiple of 6143?
False
Does 9 divide 1059606884?
False
Is 2002 a factor of 131867736?
True
Is 1757 a factor of 3216622479?
True
Does 45 divide 5996610?
True
Is 30260790 a multiple of 162?
True
Does 213 divide 452345331?
True
Is 178814311 a multiple of 10?
False
Is 153 a factor of 701599860?
True
Is 105 a factor of 119309925?
True
Does 612 divide 822293733?
False
Is 112861171 a multiple of 20?
False
Is 17 a factor of 2151730495?
False
Is 4178709666 a multiple of 267?
True
Does 11 divide 675141936?
False
Is 75602429 a multiple of 10?
False
Is 5118876 a multiple of 378?
True
Is 1974 a factor of 1211315490?
True
Does 100 divide 16405500?
True
Does 32 divide 120154048?
True
Does 860 divide 124680220?
True
Does 1185 divide 409539877?
False
Is 33 a factor of 336349596?
True
Is 257848967 a multiple of 86?
False
Is 5533 a factor of 912361789?
False
Is 44459846 a multiple of 5?
False
Is 12 a factor of 123739?
False
Is 534 a factor of 3200232?
False
Is 130216704 a multiple of 192?
True
Is 4833742832 a multiple of 14018?
True
Does 62 divide 218453156?
True
Does 164 divide 578484840?
False
Is 338 a factor of 64127050?
True
Is 63 a factor of 376471938?
False
Is 20599049 a multiple of 143?
False
Is 420 a factor of 2529834720?
True
Is 52 a factor of 207663085?
False
Is 1380936627 a multiple of 21?
True
Is 477849874 a multiple of 152?
False
Is 1361 a factor of 98031469?
True
Is 92 a factor of 4306796?
True
Is 20 a factor of 2055218880?
True
Is 700 a factor of 11719400?
True
Is 17621908 a multiple of 29?
True
Is 239704108 a multiple of 1414?
True
Is 100 a factor of 2709892100?
True
Is 8316254 a multiple of 107?
True
Is 258 a factor of 84246030?
True
Does 1351 divide 843351044?
False
Is 4 a factor of 74464035?
False
Is 161 a factor of 472132003?
False
Does 564 divide 616322050?
False
Is 118 a factor of 25047651?
False
Does 14 divide 957610436?
False
Is 102621409 even?
False
Is 540709758 a multiple of 18?
True
Does 4 divide 117372820?
True
Does 886 divide 2813601?
False
Is 179750026 a multiple of 19?
False
Is 28766540 a multiple of 10?
True
Is 186701546 a multiple of 2235?
False
Is 3 a factor of 278743564?
False
Is 2009222064 a multiple of 27?
True
Is 122 a factor of 16454628?
True
Is 11544727 a multiple of 75?
False
Is 2924170 a multiple of 384?
False
Does 31 divide 42474179?
False
Is 103 a factor of 988859534?
True
Is 93927924 a multiple of 17?
True
Is 10668150 a multiple of 302?
True
Does 20 divide 10980582?
False
Is 10 a factor of 144710780?
True
Does 1294 divide 1899443779?
False
Is 980198965 a multiple of 287?
False
Is 1631 a factor of 75208672?
True
Is 10 a factor of 109219694?
False
Is 73999297 a multiple of 135?
False
Does 248 divide 523138247?
False
Is 510 a factor of 666583581?
False
Does 31 divide 61051278?
False
Does 542 divide 10233067?
False
Is 512 a factor of 1544548352?
True
Does 9 divide 51540058?
False
Is 43239625 a multiple of 55?
True
Does 11 divide 287163163?
False
Is 2380 a factor of 191